d + 5. Let i be z(7). Suppose -2*l - 8 = -4*x + 8, 5*x - l = i. Calculate the remainder when m is divided by x.
5
Let z = -18 + 31. What is the remainder when z is divided by 4?
1
Let b be (-682)/11*1/1. Let m = 93 + b. Calculate the remainder when m is divided by 17.
14
Let v(d) = d**3 + 10*d**2 - 15*d + 10. What is the remainder when v(-11) is divided by 21?
12
Suppose 0 = -3*f - 2*s + 19, 4*f - s = -4*s + 24. Let o = 14 + f. What is the remainder when o is divided by 13?
10
Suppose -5*c - 6 + 16 = 0. Suppose 3*k + c*k = 80. Calculate the remainder when 30 is divided by k.
14
Suppose b + 63 = 2*s, -5*b + 3 = -2*b. Calculate the remainder when 126 is divided by s.
30
Suppose 16 = -l - 0*l. Let w = l + 39. Calculate the remainder when 68 is divided by w.
22
Suppose 3*g = -10 + 82. Suppose 2 = 2*q - g. Let t = q + 6. Calculate the remainder when t is divided by 11.
8
Suppose k + 1 - 3 = 0. Suppose k + 1 = b. Calculate the remainder when (-2)/15 - 682/(-165) is divided by b.
1
Suppose 0*r - 8 = -r. Calculate the remainder when 31 is divided by r.
7
Suppose 3*x - 33 + 0 = 0. Let v = x - 7. Calculate the remainder when 7 is divided by v.
3
Suppose 0 + 3 = r. Suppose -4*m - 9 = -4*f + 3, -27 = -5*f + m. Let w = f - r. What is the remainder when 7 is divided by w?
1
Let f = 18 - -34. Calculate the remainder when f is divided by 18.
16
Suppose 4*i = -i + 55. Suppose -2 = 2*u - m, 5 - i = -2*u - 3*m. Suppose -z + q + 7 = -6, -5*z - 2*q + 65 = u. What is the remainder when 24 is divided by z?
11
Let g(u) = u**3 - 28. Let h be g(0). Let j = h + 60. Calculate the remainder when j is divided by 17.
15
Let u(q) = 3*q + 2*q**2 + 3*q**2 + 4 - q**2 - 3*q**2. What is the remainder when 7 is divided by u(-3)?
3
Suppose 3*m - 16 = -m, 0 = i + 2*m - 47. Let y(l) = l**2 + 7*l + 8. Calculate the remainder when i is divided by y(-7).
7
Let p(q) = -5*q - 1. Let u(g) = -g**2 - 5*g + 3. Let h be u(-6). What is the remainder when p(h) is divided by 1*4 - (0 + -1)?
4
Let l = 227 - 97. Suppose 0*q - 5*q + l = 0. Calculate the remainder when q is divided by 7.
5
Let n(y) = y**3 + 11*y**2 - 7*y + 9. Let r be n(-7). Calculate the remainder when 91 is divided by 12/(-16) + r/8.
29
Suppose -2*b + 6*b - 33 = 3*y, -4*b = -2*y - 34. What is the remainder when b is divided by 3?
0
Let k(z) = -z + 1. Let l be k(-7). Let c = l + -5. Let m = 9 + -5. Calculate the remainder when m is divided by c.
1
Calculate the remainder when 45 is divided by (-4*(2 + 4))/(-2).
9
Let h(u) = u**3 - 12*u**2 - 11*u - 14. Calculate the remainder when h(13) is divided by 7.
5
Suppose -5*p + 54 = 4*u - 46, 0 = 4*p + 2*u - 74. What is the remainder when 109 is divided by p?
13
Let i = 60 - 53. Calculate the remainder when 18 is divided by i.
4
Suppose -2*t = -o + 3*t - 24, -o - 14 = -3*t. Suppose o = l - 5. What is the remainder when l/2*26/3 is divided by 9?
8
Let s(q) = -q**3 + 7*q**2 + 10*q - 5. Suppose -5*k = 4*w - 24, -4*k + w + w = -40. What is the remainder when s(k) is divided by 6?
5
Suppose 0 = 4*n + 5*o - 16, -5*o = -5*n - 3*o + 20. Calculate the remainder when 54 is divided by n.
2
Suppose -4*y + 208 = 4*a, 2*a = -5*y + 56 + 36. Calculate the remainder when a is divided by (-174)/(-9) - (-3)/(-9).
18
Let i(t) = -3*t - 1. Calculate the remainder when 3 is divided by i(-1).
1
What is the remainder when 21 is divided by (-3)/5 + (-174)/(-15)?
10
Let q = -26 - -16. Let w be (-2)/(-8)*q*-2. Suppose -w - 11 = 4*l, 200 = 4*f - 4*l. Calculate the remainder when f is divided by 16.
14
Let x(r) = -r + 7. Let m(p) = 3*p - 5. Let n be m(3). Let o = 11 - n. Calculate the remainder when x(-6) is divided by o.
6
Suppose 2*f + 2*f - 32 = 0. Let w = 7 - -14. Calculate the remainder when w is divided by f.
5
Let v(z) = 67*z**2 - 3*z - 2. What is the remainder when v(-1) is divided by 14?
12
Let n = -26 - -29. Calculate the remainder when 6 is divided by n.
0
Let p(w) = 7*w**2 + w. Calculate the remainder when 48 is divided by p(-2).
22
Let q(c) = 4*c + 3. Let x = -5 - -10. Calculate the remainder when 68 is divided by q(x).
22
Calculate the remainder when 13 is divided by (3*2)/(30/40).
5
Let p(q) = 2*q + 28. What is the remainder when p(0) is divided by (-16 + 1)*(0 - 1)?
13
Suppose -2*c = -4*c + 8, -4*c - 79 = -5*f. What is the remainder when 56 is divided by f?
18
Suppose 5*k - 84 = k. What is the remainder when 80/(-6)*(-9 - -6) is divided by k?
19
Let w = 2 + 1. Suppose 5*s - 136 = -3*c, -w*s = -c - 0*c - 76. What is the remainder when s is divided by 9?
8
Let v = -3 - 28. Let b = v - -45. Calculate the remainder when 68 is divided by b.
12
Let r be 0 - (-3)/(0 + -1). Let c be (-3)/(-7) + (-136)/56. What is the remainder when 21 is divided by 1 - (c - r) - -11?
10
Suppose 24 = -27*k + 375. What is the remainder when k is divided by ((-8)/(-5))/((-1)/(-5))?
5
Suppose -3*o + 4*o = 3. Suppose g - 67 = -4*f, -2*f + 2*g = -49 + o. What is the remainder when 27 is divided by f/30 + 67/5?
13
Let x = 157 + -108. What is the remainder when x is divided by 17?
15
Suppose -b = 2*z - 124, -2*z + 176 = -5*b + 64. Calculate the remainder when z is divided by 16.
13
Suppose -5*g + 2*d + 96 = -2*d, 4*g = d + 68. Suppose 235 = 3*l + 2*l. Calculate the remainder when l is divided by g.
15
Let f(b) = -b**2 + 2*b + 2. Let w be f(2). Suppose -2*s + 7*s - 62 = -w*k, -k = -1. Calculate the remainder when 4 is divided by (s/15)/(2/5).
0
Calculate the remainder when ((-12)/(-16))/(2/96) is divided by 13.
10
Let q = -1 + 4. Calculate the remainder when q is divided by 1.
0
Let n(o) = o**3 + 4*o**2 - o. Let v be n(-4). Suppose 64 - 5 = x - v*d, 2*d = -8. What is the remainder when x is divided by 11?
10
Let z = 95 - 67. Calculate the remainder when 109 is divided by z.
25
Suppose -2*i + 3*i - 81 = 2*g, 0 = -3*i - 2*g + 259. Suppose 3*l - i = -2*l. Calculate the remainder when l is divided by 6.
5
Suppose -2*u - 8 = 0, 4*t + 726 = 9*t + u. What is the remainder when t is divided by 37?
35
Let a(m) = -m**3 + 6*m**2 - 4*m + 7. What is the remainder when 20 is divided by a(5)?
8
Suppose g - 3*u = 3*g - 95, -4*g = u - 175. Let h be 18 + (-3 + 3)*-1. Let d = h - 3. What is the remainder when g is divided by d?
13
Let a = -15 + 19. Suppose 21 + 67 = a*h. What is the remainder when 63 is divided by h?
19
Let j = -6 - -38. Let n = -52 - -28. Calculate the remainder when j is divided by ((-44)/(-6))/((-16)/n).
10
Let t(p) = 5*p - 1. Let s(f) = f**2 + 2*f + 1. Let q be s(-1). Suppose 0 = -2*l - q + 6. What is the remainder when t(l) is divided by 8?
6
Suppose 0 = -0*c + c - 5*w - 19, 0 = -5*w - 20. Suppose -3*k + 42 + 0 = 0. What is the remainder when (15/c)/(12/(-32)) is divided by k?
12
Let g be 1/(-2) + 123/2. Let l = 89 - g. What is the remainder when l is divided by 15?
13
Suppose 0 = 2*g + g - 6. Suppose -9 + 21 = g*p. Calculate the remainder when 10 is divided by p.
4
Let l(v) be the second derivative of -3*v**5/20 + v**4/12 - v**3/6 - v**2/2 + 4*v. Calculate the remainder when 13 is divided by l(-1).
1
Let d(q) = 4*q**2 - q + 1. Let v = -7 - -23. What is the remainder when d(4) is divided by v?
13
Suppose -2*n = w - 6*w - 35, 2*w - 24 = -3*n. Let f(t) = 4*t**2 - 2*t - 1. Calculate the remainder when f(-2) is divided by n.
9
Suppose 0 = -3*h + 5*z + 143, -4*h - 2*z = -2*h - 74. Calculate the remainder when h is divided by 21.
20
Suppose 5*q - 36 = 189. Calculate the remainder when q is divided by 16.
13
What is the remainder when 38 is divided by 1*2*(19 - 9)?
18
Let t = -4 - -4. Suppose t = -k - 3*k - 4. Let j = 4 + k. What is the remainder when 7 is divided by j?
1
Suppose -84 = 6*t - 216. What is the remainder when 42 is divided by t?
20
Suppose -6*z + 11*z = -3*n + 86, n = 5*z + 2. Calculate the remainder when 65 is divided by n.
21
Let m = -17 - -28. Calculate the remainder when 63 is divided by m.
8
Let w be -1 + (-99)/(-3)*1. Let s = w + -23. What is the remainder when s is divided by 5?
4
Let k = -1 + 21. Suppose 3*d + n = k, -d = d - 3*n - 28. Calculate the remainder when 15 is divided by d.
7
Let k = 25 - -10. Suppose -5*r + 0*r = -k. Calculate the remainder when 11 is divided by r.
4
Suppose 0 = 2*i + 2*i - 56. Let n = 40 - 22. Suppose -3*h = -3*l - n - 6, -4*h + l + 32 = 0. What is the remainder when i is divided by h?
6